{"id":1046,"date":"2021-06-28T09:51:13","date_gmt":"2021-06-28T07:51:13","guid":{"rendered":"http:\/\/musikhaus-ev-berlin.de\/?page_id=1046"},"modified":"2021-07-01T13:49:24","modified_gmt":"2021-07-01T11:49:24","slug":"blockfloeten-ensemble","status":"publish","type":"page","link":"https:\/\/musikhaus-ev-berlin.de\/index.php\/blockfloeten-ensemble\/","title":{"rendered":"Blockfl\u00f6ten-Ensemble"},"content":{"rendered":"\n<h2 class=\"has-nv-c-1-color has-text-color wp-block-heading\">Blockfl\u00f6ten-Ensemble<\/h2>\n\n\n\n<hr class=\"wp-block-separator has-text-color has-background has-neve-link-color-background-color has-neve-link-color-color is-style-wide\"\/>\n\n\n\n<div class=\"wp-block-columns is-layout-flex wp-container-core-columns-is-layout-9d6595d7 wp-block-columns-is-layout-flex\">\n<div class=\"wp-block-column is-layout-flow wp-block-column-is-layout-flow\">\n<figure class=\"wp-block-image size-large is-style-default\"><img loading=\"lazy\" decoding=\"async\" width=\"700\" height=\"700\" src=\"http:\/\/musikhaus-ev-berlin.de\/wp-content\/uploads\/2021\/05\/platzhalter_Lehrer.png\" alt=\"Platzhalterbild\" class=\"wp-image-857\" srcset=\"https:\/\/musikhaus-ev-berlin.de\/wp-content\/uploads\/2021\/05\/platzhalter_Lehrer.png 700w, https:\/\/musikhaus-ev-berlin.de\/wp-content\/uploads\/2021\/05\/platzhalter_Lehrer-300x300.png 300w, https:\/\/musikhaus-ev-berlin.de\/wp-content\/uploads\/2021\/05\/platzhalter_Lehrer-150x150.png 150w\" sizes=\"auto, (max-width: 700px) 100vw, 700px\" \/><\/figure>\n<\/div>\n\n\n\n<div class=\"wp-block-column is-layout-flow wp-block-column-is-layout-flow\">\n<p>Das im Jahre 2009 ins Leben gerufene Blockfl\u00f6tenensemble spielt vorrangig Werke der Renaissance und des Barock, aber auch Bearbeitungen klassischer und romantischer Literatur, Liedgut und T\u00e4nze verschiedener L\u00e4nder und ist stetig auf Entdeckungsreise und auf der Suche nach Neuem.<br>Spielerfahrung auf der Sopran und\/oder der Altfl\u00f6te wird vorausgesetzt. So k\u00f6nnen wir in wechselnden Besetzungen auf Sopran-, Alt-, Tenor- und Bassblockfl\u00f6te sowohl auf Renaissance &#8211; als auch auf Barockblockfl\u00f6ten (ggf. auch mit Basso continuo\/Cembalo) zusammen musizieren und in den Proben an Klang, Intonation, Verzierungen und rhythmischer Genauigkeit arbeiten.<br>Wir &#8211; ein Ensemble bestehend aus Gymnasiasten, Berufst\u00e4tigen und Senioren &#8211; proben Dienstagabend vierzehnt\u00e4gig, treten gemeinsam im Rahmen von Musikschulkonzerten auf und bereiten zudem jedes Jahr ein neues Weihnachtsprogramm vor, welches im Atrium eines Seniorenheims erklingen darf.<\/p>\n\n\n\n<p><strong>Leitung: Julia Rittig-Becker<\/strong><\/p>\n\n\n\n<div style=\"height:20px\" aria-hidden=\"true\" class=\"wp-block-spacer\"><\/div>\n\n\n\n<figure class=\"wp-block-image size-large is-resized is-style-default\"><img loading=\"lazy\" decoding=\"async\" src=\"http:\/\/musikhaus-ev-berlin.de\/wp-content\/uploads\/2021\/06\/kreis_gruen_transparent.png\" alt=\"Musikhaus Kreislogo\" class=\"wp-image-955\" width=\"50\" height=\"50\" srcset=\"https:\/\/musikhaus-ev-berlin.de\/wp-content\/uploads\/2021\/06\/kreis_gruen_transparent.png 578w, https:\/\/musikhaus-ev-berlin.de\/wp-content\/uploads\/2021\/06\/kreis_gruen_transparent-300x297.png 300w, https:\/\/musikhaus-ev-berlin.de\/wp-content\/uploads\/2021\/06\/kreis_gruen_transparent-150x150.png 150w\" sizes=\"auto, (max-width: 50px) 100vw, 50px\" \/><\/figure>\n<\/div>\n<\/div>\n","protected":false},"excerpt":{"rendered":"<p>Blockfl\u00f6ten-Ensemble Das im Jahre 2009 ins Leben gerufene Blockfl\u00f6tenensemble spielt vorrangig Werke der Renaissance und des Barock, aber auch Bearbeitungen klassischer und romantischer Literatur, Liedgut und T\u00e4nze verschiedener L\u00e4nder und ist stetig auf Entdeckungsreise und auf der Suche nach Neuem.Spielerfahrung auf der Sopran und\/oder der Altfl\u00f6te wird vorausgesetzt. So k\u00f6nnen wir in wechselnden Besetzungen auf&hellip;&nbsp;<a href=\"https:\/\/musikhaus-ev-berlin.de\/index.php\/blockfloeten-ensemble\/\" rel=\"bookmark\">Weiterlesen &raquo;<span class=\"screen-reader-text\">Blockfl\u00f6ten-Ensemble<\/span><\/a><\/p>\n","protected":false},"author":1,"featured_media":0,"parent":0,"menu_order":0,"comment_status":"closed","ping_status":"closed","template":"","meta":{"neve_meta_sidebar":"full-width","neve_meta_container":"","neve_meta_enable_content_width":"on","neve_meta_content_width":100,"neve_meta_title_alignment":"","neve_meta_author_avatar":"","neve_post_elements_order":"","neve_meta_disable_header":"","neve_meta_disable_footer":"","neve_meta_disable_title":"on","_themeisle_gutenberg_block_has_review":false,"footnotes":""},"class_list":["post-1046","page","type-page","status-publish","hentry"],"_links":{"self":[{"href":"https:\/\/musikhaus-ev-berlin.de\/index.php\/wp-json\/wp\/v2\/pages\/1046","targetHints":{"allow":["GET"]}}],"collection":[{"href":"https:\/\/musikhaus-ev-berlin.de\/index.php\/wp-json\/wp\/v2\/pages"}],"about":[{"href":"https:\/\/musikhaus-ev-berlin.de\/index.php\/wp-json\/wp\/v2\/types\/page"}],"author":[{"embeddable":true,"href":"https:\/\/musikhaus-ev-berlin.de\/index.php\/wp-json\/wp\/v2\/users\/1"}],"replies":[{"embeddable":true,"href":"https:\/\/musikhaus-ev-berlin.de\/index.php\/wp-json\/wp\/v2\/comments?post=1046"}],"version-history":[{"count":8,"href":"https:\/\/musikhaus-ev-berlin.de\/index.php\/wp-json\/wp\/v2\/pages\/1046\/revisions"}],"predecessor-version":[{"id":1292,"href":"https:\/\/musikhaus-ev-berlin.de\/index.php\/wp-json\/wp\/v2\/pages\/1046\/revisions\/1292"}],"wp:attachment":[{"href":"https:\/\/musikhaus-ev-berlin.de\/index.php\/wp-json\/wp\/v2\/media?parent=1046"}],"curies":[{"name":"wp","href":"https:\/\/api.w.org\/{rel}","templated":true}]}}