{"id":2298,"date":"2024-10-30T14:26:51","date_gmt":"2024-10-30T13:26:51","guid":{"rendered":"https:\/\/musikhaus-ev-berlin.de\/?page_id=2298"},"modified":"2026-03-05T12:40:37","modified_gmt":"2026-03-05T11:40:37","slug":"zumbini","status":"publish","type":"page","link":"https:\/\/musikhaus-ev-berlin.de\/index.php\/zumbini\/","title":{"rendered":"Zumbini &#8211; mit Jemma Louise Marsden"},"content":{"rendered":"\n<p><strong>JEDEN DIENSTAG um 15:45 &#8211; 16:30 Uhr<\/strong><\/p>\n\n\n\n<blockquote class=\"wp-block-quote is-layout-flow wp-block-quote-is-layout-flow\">\n<p>&#8222;Schnappt euch eure Kleinen und nehmt zusammen mit mir, Jemma, an diesem tollen Musikkurs teil,<br>der von Zumba\u00ae und BabyFirst f\u00fcr Kinder im Alter von 3 Monate -4 Jahren entwickelt wurde! <br>Zumbini\u00ae vereint Musik, Tanz und p\u00e4dagogisches Wissen in einem 45-min\u00fctigen Kurs, der Spa\u00df macht, Bindung f\u00f6rdert<br>und das Lernen unterst\u00fctzt. Gemeinsam singen wir Zumbini-Lieder, die von speziellen Zumbini- Instrumenten <br>begleitet werden! Lasst uns die Welt der Musik erkunden, gemeinsam singen, im Takt stampfen, klopfen, wackeln, wippen, sch\u00fctteln und tanzen. W\u00e4hrend dieses tollen Kurses werdet ihr wertvolle Zeit mit euren Kleinen verbringen, die euch Freude bereitet und eure Bindung f\u00f6rdert. <a href=\"https:\/\/musikhaus-ev-berlin.de\/index.php\/zumbini\/\">Meldet euch noch heute an<\/a>! Wir sehen uns dort!<br>Herzliche Gr\u00fc\u00dfe&#8220; Eure Jemma<\/p>\n<\/blockquote>\n\n\n\n<p class=\"has-text-align-center\"><strong><em>F\u00fcr Kinder ab 3 Monaten &#8211; 4 Jahre in Begleitung eines Erwachsenen<\/em><\/strong><\/p>\n\n\n\n<p class=\"has-text-align-center\"> <a href=\"https:\/\/www.axinio.app\/booking\/forms\/trial\/3e3b6ce1-3417-42c9-938c-6818547cbef8\/\">&#8211; <strong>HIER ANMELDEN ZUR PROBESTUNDE <\/strong>&#8211;<\/a><\/p>\n\n\n\n<figure class=\"wp-block-image size-large\"><img loading=\"lazy\" decoding=\"async\" width=\"724\" height=\"1024\" src=\"https:\/\/musikhaus-ev-berlin.de\/wp-content\/uploads\/2024\/10\/Musikhaus-neue-Kurse-Zumbini-Kreativer-Kindertanz-und-Theater-724x1024.png\" alt=\"\" class=\"wp-image-2309\" srcset=\"https:\/\/musikhaus-ev-berlin.de\/wp-content\/uploads\/2024\/10\/Musikhaus-neue-Kurse-Zumbini-Kreativer-Kindertanz-und-Theater-724x1024.png 724w, https:\/\/musikhaus-ev-berlin.de\/wp-content\/uploads\/2024\/10\/Musikhaus-neue-Kurse-Zumbini-Kreativer-Kindertanz-und-Theater-212x300.png 212w, https:\/\/musikhaus-ev-berlin.de\/wp-content\/uploads\/2024\/10\/Musikhaus-neue-Kurse-Zumbini-Kreativer-Kindertanz-und-Theater-768x1086.png 768w, https:\/\/musikhaus-ev-berlin.de\/wp-content\/uploads\/2024\/10\/Musikhaus-neue-Kurse-Zumbini-Kreativer-Kindertanz-und-Theater-1086x1536.png 1086w, https:\/\/musikhaus-ev-berlin.de\/wp-content\/uploads\/2024\/10\/Musikhaus-neue-Kurse-Zumbini-Kreativer-Kindertanz-und-Theater-1448x2048.png 1448w\" sizes=\"auto, (max-width: 724px) 100vw, 724px\" \/><\/figure>\n","protected":false},"excerpt":{"rendered":"<p>JEDEN DIENSTAG um 15:45 &#8211; 16:30 Uhr &#8222;Schnappt euch eure Kleinen und nehmt zusammen mit mir, Jemma, an diesem tollen Musikkurs teil,der von Zumba\u00ae und BabyFirst f\u00fcr Kinder im Alter von 3 Monate -4 Jahren entwickelt wurde! Zumbini\u00ae vereint Musik, Tanz und p\u00e4dagogisches Wissen in einem 45-min\u00fctigen Kurs, der Spa\u00df macht, Bindung f\u00f6rdertund das Lernen&hellip;&nbsp;<a href=\"https:\/\/musikhaus-ev-berlin.de\/index.php\/zumbini\/\" rel=\"bookmark\">Weiterlesen &raquo;<span class=\"screen-reader-text\">Zumbini &#8211; mit Jemma Louise Marsden<\/span><\/a><\/p>\n","protected":false},"author":1,"featured_media":0,"parent":0,"menu_order":0,"comment_status":"closed","ping_status":"closed","template":"","meta":{"neve_meta_sidebar":"","neve_meta_container":"","neve_meta_enable_content_width":"","neve_meta_content_width":0,"neve_meta_title_alignment":"","neve_meta_author_avatar":"","neve_post_elements_order":"","neve_meta_disable_header":"","neve_meta_disable_footer":"","neve_meta_disable_title":"","_themeisle_gutenberg_block_has_review":false,"footnotes":""},"class_list":["post-2298","page","type-page","status-publish","hentry"],"_links":{"self":[{"href":"https:\/\/musikhaus-ev-berlin.de\/index.php\/wp-json\/wp\/v2\/pages\/2298","targetHints":{"allow":["GET"]}}],"collection":[{"href":"https:\/\/musikhaus-ev-berlin.de\/index.php\/wp-json\/wp\/v2\/pages"}],"about":[{"href":"https:\/\/musikhaus-ev-berlin.de\/index.php\/wp-json\/wp\/v2\/types\/page"}],"author":[{"embeddable":true,"href":"https:\/\/musikhaus-ev-berlin.de\/index.php\/wp-json\/wp\/v2\/users\/1"}],"replies":[{"embeddable":true,"href":"https:\/\/musikhaus-ev-berlin.de\/index.php\/wp-json\/wp\/v2\/comments?post=2298"}],"version-history":[{"count":15,"href":"https:\/\/musikhaus-ev-berlin.de\/index.php\/wp-json\/wp\/v2\/pages\/2298\/revisions"}],"predecessor-version":[{"id":2773,"href":"https:\/\/musikhaus-ev-berlin.de\/index.php\/wp-json\/wp\/v2\/pages\/2298\/revisions\/2773"}],"wp:attachment":[{"href":"https:\/\/musikhaus-ev-berlin.de\/index.php\/wp-json\/wp\/v2\/media?parent=2298"}],"curies":[{"name":"wp","href":"https:\/\/api.w.org\/{rel}","templated":true}]}}

<p><strong>JEDEN DIENSTAG um 15:45 &#8211; 16:30 Uhr</strong></p>



<blockquote class="wp-block-quote is-layout-flow wp-block-quote-is-layout-flow">
<p>&#8222;Schnappt euch eure Kleinen und nehmt zusammen mit mir, Jemma, an diesem tollen Musikkurs teil,<br>der von Zumba® und BabyFirst für Kinder im Alter von 3 Monate -4 Jahren entwickelt wurde! <br>Zumbini® vereint Musik, Tanz und pädagogisches Wissen in einem 45-minütigen Kurs, der Spaß macht, Bindung fördert<br>und das Lernen unterstützt. Gemeinsam singen wir Zumbini-Lieder, die von speziellen Zumbini- Instrumenten <br>begleitet werden! Lasst uns die Welt der Musik erkunden, gemeinsam singen, im Takt stampfen, klopfen, wackeln, wippen, schütteln und tanzen. Während dieses tollen Kurses werdet ihr wertvolle Zeit mit euren Kleinen verbringen, die euch Freude bereitet und eure Bindung fördert. <a href="https://musikhaus-ev-berlin.de/index.php/zumbini/">Meldet euch noch heute an</a>! Wir sehen uns dort!<br>Herzliche Grüße&#8220; Eure Jemma</p>
</blockquote>



<p class="has-text-align-center"><strong><em>Für Kinder ab 3 Monaten &#8211; 4 Jahre in Begleitung eines Erwachsenen</em></strong></p>



<p class="has-text-align-center"> <a href="https://www.axinio.app/booking/forms/trial/3e3b6ce1-3417-42c9-938c-6818547cbef8/">&#8211; <strong>HIER ANMELDEN ZUR PROBESTUNDE </strong>&#8211;</a></p>



<figure class="wp-block-image size-large"><img loading="lazy" decoding="async" width="724" height="1024" src="https://musikhaus-ev-berlin.de/wp-content/uploads/2024/10/Musikhaus-neue-Kurse-Zumbini-Kreativer-Kindertanz-und-Theater-724x1024.png" alt="" class="wp-image-2309" srcset="https://musikhaus-ev-berlin.de/wp-content/uploads/2024/10/Musikhaus-neue-Kurse-Zumbini-Kreativer-Kindertanz-und-Theater-724x1024.png 724w, https://musikhaus-ev-berlin.de/wp-content/uploads/2024/10/Musikhaus-neue-Kurse-Zumbini-Kreativer-Kindertanz-und-Theater-212x300.png 212w, https://musikhaus-ev-berlin.de/wp-content/uploads/2024/10/Musikhaus-neue-Kurse-Zumbini-Kreativer-Kindertanz-und-Theater-768x1086.png 768w, https://musikhaus-ev-berlin.de/wp-content/uploads/2024/10/Musikhaus-neue-Kurse-Zumbini-Kreativer-Kindertanz-und-Theater-1086x1536.png 1086w, https://musikhaus-ev-berlin.de/wp-content/uploads/2024/10/Musikhaus-neue-Kurse-Zumbini-Kreativer-Kindertanz-und-Theater-1448x2048.png 1448w" sizes="auto, (max-width: 724px) 100vw, 724px" /></figure>

<p>JEDEN DIENSTAG um 15:45 &#8211; 16:30 Uhr &#8222;Schnappt euch eure Kleinen und nehmt zusammen mit mir, Jemma, an diesem tollen Musikkurs teil,der von Zumba® und BabyFirst für Kinder im Alter von 3 Monate -4 Jahren entwickelt wurde! Zumbini® vereint Musik, Tanz und pädagogisches Wissen in einem 45-minütigen Kurs, der Spaß macht, Bindung fördertund das Lernen&hellip;&nbsp;<a href="https://musikhaus-ev-berlin.de/index.php/zumbini/" rel="bookmark">Weiterlesen &raquo;<span class="screen-reader-text">Zumbini &#8211; mit Jemma Louise Marsden</span></a></p>
