{"id":982,"date":"2021-06-28T08:47:20","date_gmt":"2021-06-28T06:47:20","guid":{"rendered":"http:\/\/musikhaus-ev-berlin.de\/?page_id=982"},"modified":"2021-07-16T11:18:13","modified_gmt":"2021-07-16T09:18:13","slug":"trompete","status":"publish","type":"page","link":"https:\/\/musikhaus-ev-berlin.de\/index.php\/trompete\/","title":{"rendered":"Trompete"},"content":{"rendered":"\n<h2 class=\"has-nv-c-1-color has-text-color wp-block-heading\">Trompete<\/h2>\n\n\n\n<hr class=\"wp-block-separator has-text-color has-background has-neve-link-color-background-color has-neve-link-color-color is-style-wide\"\/>\n\n\n\n<div class=\"wp-block-columns is-layout-flex wp-container-core-columns-is-layout-9d6595d7 wp-block-columns-is-layout-flex\">\n<div class=\"wp-block-column is-layout-flow wp-block-column-is-layout-flow\">\n<figure class=\"wp-block-image size-large is-style-default\"><img loading=\"lazy\" decoding=\"async\" width=\"700\" height=\"700\" src=\"http:\/\/musikhaus-ev-berlin.de\/wp-content\/uploads\/2021\/05\/platzhalter_Lehrer.png\" alt=\"Platzhalterbild\" class=\"wp-image-857\" srcset=\"https:\/\/musikhaus-ev-berlin.de\/wp-content\/uploads\/2021\/05\/platzhalter_Lehrer.png 700w, https:\/\/musikhaus-ev-berlin.de\/wp-content\/uploads\/2021\/05\/platzhalter_Lehrer-300x300.png 300w, https:\/\/musikhaus-ev-berlin.de\/wp-content\/uploads\/2021\/05\/platzhalter_Lehrer-150x150.png 150w\" sizes=\"auto, (max-width: 700px) 100vw, 700px\" \/><\/figure>\n<\/div>\n\n\n\n<div class=\"wp-block-column is-layout-flow wp-block-column-is-layout-flow\">\n<p>Die Trompete ist ein sehr altes Instrument. Die heutige Gestalt erhielt sie im 19. Jahrhundert mit der Erfindung der Ventile.<\/p>\n\n\n\n<p>Die Trompete ist in allen Stilrichtungen &#8211; von Barock bis Jazz und Pop vertreten. Sie wird sowohl in Sinfonieorchestern, Blasorchestern als auch in der Big Band und beim Jazz eingesetzt.<\/p>\n\n\n\n<p>Einstiegsalter: Erfahrungswerte liegen zwischen dem 8. bis 12. Lebensjahr abh\u00e4ngig von der k\u00f6rperlichen Entwicklung.<\/p>\n\n\n\n<p>Voraussetzungen: Gute k\u00f6rperliche Konstitution, ein leistungsf\u00e4higes Herz, funktionst\u00fcchtige Atmungsorgane, gesunde Z\u00e4hne und nat\u00fcrlich Spa\u00df an der Musik. <\/p>\n\n\n\n<p><a href=\"https:\/\/www.axinio.app\/booking\/forms\/trial\/3e3b6ce1-3417-42c9-938c-6818547cbef8\/\" target=\"_blank\" rel=\"noreferrer noopener\">Hier Probestunde vereinbaren<\/a>.<\/p>\n\n\n\n<p>siehe auch unser <a href=\"http:\/\/musikhaus-ev-berlin.de\/index.php\/trompeten-ensemble\/\">Trompeten-Ensemble<\/a><\/p>\n\n\n\n<p>Nicht sicher, ob es das richtige Instrument ist?<br>Im <a href=\"http:\/\/musikhaus-ev-berlin.de\/index.php\/instrumentenkarussell\/\">Instrumentenkarussell<\/a> kann man auch andere Instrumente probieren!<\/p>\n\n\n\n<div style=\"height:20px\" aria-hidden=\"true\" class=\"wp-block-spacer\"><\/div>\n\n\n\n<figure class=\"wp-block-image size-large is-resized is-style-default\"><img loading=\"lazy\" decoding=\"async\" src=\"http:\/\/musikhaus-ev-berlin.de\/wp-content\/uploads\/2021\/06\/kreis_gruen_transparent.png\" alt=\"Musikhaus Kreislogo\" class=\"wp-image-955\" width=\"50\" height=\"50\" srcset=\"https:\/\/musikhaus-ev-berlin.de\/wp-content\/uploads\/2021\/06\/kreis_gruen_transparent.png 578w, https:\/\/musikhaus-ev-berlin.de\/wp-content\/uploads\/2021\/06\/kreis_gruen_transparent-300x297.png 300w, https:\/\/musikhaus-ev-berlin.de\/wp-content\/uploads\/2021\/06\/kreis_gruen_transparent-150x150.png 150w\" sizes=\"auto, (max-width: 50px) 100vw, 50px\" \/><\/figure>\n<\/div>\n<\/div>\n","protected":false},"excerpt":{"rendered":"<p>Trompete Die Trompete ist ein sehr altes Instrument. Die heutige Gestalt erhielt sie im 19. Jahrhundert mit der Erfindung der Ventile. Die Trompete ist in allen Stilrichtungen &#8211; von Barock bis Jazz und Pop vertreten. Sie wird sowohl in Sinfonieorchestern, Blasorchestern als auch in der Big Band und beim Jazz eingesetzt. Einstiegsalter: Erfahrungswerte liegen zwischen&hellip;&nbsp;<a href=\"https:\/\/musikhaus-ev-berlin.de\/index.php\/trompete\/\" rel=\"bookmark\">Weiterlesen &raquo;<span class=\"screen-reader-text\">Trompete<\/span><\/a><\/p>\n","protected":false},"author":1,"featured_media":0,"parent":0,"menu_order":0,"comment_status":"closed","ping_status":"closed","template":"","meta":{"neve_meta_sidebar":"full-width","neve_meta_container":"","neve_meta_enable_content_width":"on","neve_meta_content_width":100,"neve_meta_title_alignment":"","neve_meta_author_avatar":"","neve_post_elements_order":"","neve_meta_disable_header":"","neve_meta_disable_footer":"","neve_meta_disable_title":"on","_themeisle_gutenberg_block_has_review":false,"footnotes":""},"class_list":["post-982","page","type-page","status-publish","hentry"],"_links":{"self":[{"href":"https:\/\/musikhaus-ev-berlin.de\/index.php\/wp-json\/wp\/v2\/pages\/982","targetHints":{"allow":["GET"]}}],"collection":[{"href":"https:\/\/musikhaus-ev-berlin.de\/index.php\/wp-json\/wp\/v2\/pages"}],"about":[{"href":"https:\/\/musikhaus-ev-berlin.de\/index.php\/wp-json\/wp\/v2\/types\/page"}],"author":[{"embeddable":true,"href":"https:\/\/musikhaus-ev-berlin.de\/index.php\/wp-json\/wp\/v2\/users\/1"}],"replies":[{"embeddable":true,"href":"https:\/\/musikhaus-ev-berlin.de\/index.php\/wp-json\/wp\/v2\/comments?post=982"}],"version-history":[{"count":11,"href":"https:\/\/musikhaus-ev-berlin.de\/index.php\/wp-json\/wp\/v2\/pages\/982\/revisions"}],"predecessor-version":[{"id":1527,"href":"https:\/\/musikhaus-ev-berlin.de\/index.php\/wp-json\/wp\/v2\/pages\/982\/revisions\/1527"}],"wp:attachment":[{"href":"https:\/\/musikhaus-ev-berlin.de\/index.php\/wp-json\/wp\/v2\/media?parent=982"}],"curies":[{"name":"wp","href":"https:\/\/api.w.org\/{rel}","templated":true}]}}